414 - -816. What is the hundreds digit of l?
4
Suppose -22*z + 17*z = 15. Let o be 63 - 1 - z - 1. Let w = -34 + o. What is the tens digit of w?
3
Let m(z) = -4*z - 16. Let x be m(-5). What is the units digit of x/(-10) + (6 - (-5999)/35)?
7
Let w(z) = 6*z - 3. Let j(c) = -5*c - 6*c + 16*c - 2. Let b(u) = -3*j(u) + 2*w(u). What is the units digit of b(-2)?
6
Let f(b) = 2*b**2 + 3*b + 5. Let n be f(0). What is the units digit of n/5*(171 - 2)?
9
Let d be 4 - 1 - 1*-1. Suppose 4*v - 218 - 210 = -4*o, 2*o = d*v + 244. What is the tens digit of o?
1
Let n = 244 + -146. Let r = n - -30. What is the units digit of r?
8
What is the thousands digit of (2302/(-4))/((-50)/4 - -12)?
1
Let h(t) = -5*t + 42. Let f be h(7). What is the tens digit of (f + -10 - -1)*(-146)/4?
7
Let y = 4544 - 3208. What is the tens digit of y?
3
What is the units digit of (-5 - (-583)/2)*2?
3
Suppose 3*h - 4*h = -2. Let d be h + -4*3/(-6). What is the units digit of ((-1)/1)/(d/(-80))?
0
Let w(y) = 2 + 15*y - 7*y - 9*y + 44*y**2. What is the tens digit of w(1)?
4
Let u be (2*-1)/(-8 - -7). Suppose -7*i = l - 5*i - 283, u*i = 4*l - 1132. What is the hundreds digit of l?
2
Let m(z) = z**2 + 2*z + z**3 - 5*z + 0*z + z - 2. Let o be m(-1). Let k(d) = -d**2 + d + 17. What is the units digit of k(o)?
7
Let t = 3 + -3. Suppose 0*g + 3*g = 9. Suppose t = 3*c + 4*r - 26, 0 = 2*c - g*r - 47 + 7. What is the units digit of c?
4
Let q(r) = 0 - 3*r + 6 + 2 + 7*r + 6*r**2 + r**3. What is the tens digit of q(-5)?
1
Let c = -133 - -18. Let s = -10 - c. What is the tens digit of s?
0
Let n(v) = 395*v + 666. What is the hundreds digit of n(9)?
2
Let q = 3363 - 1538. What is the units digit of 1/((-5)/(q/(-5)))?
3
Let x = -1298 - -1669. What is the units digit of x?
1
Let c(x) be the second derivative of x**5/20 - x**4 + 35*x**3/6 - 13*x**2/2 + 4*x - 2. What is the hundreds digit of c(10)?
1
Suppose -s - 88 = 3*s. Let n be ((-7)/1)/((-1)/(4/(-2))). Let v = n - s. What is the units digit of v?
8
Let v(g) = 4*g**2 - 16*g + 11. What is the units digit of v(-17)?
9
Suppose -4*u + 3*u + 2 = 0. Let h = 28 - u. What is the units digit of h?
6
Let x(o) = -2*o**3 + 1. Let l(i) = -2*i**3 - i**2 - i + 2. Let p = 0 - 4. Let u(b) = p*x(b) + 3*l(b). What is the units digit of u(3)?
0
Suppose 5*n - 2*q - 2175 + 500 = 0, 4*n + q = 1340. What is the units digit of n?
5
Let w be 0 - (12 + 1 - -1). Let m(n) = 8*n**2 - 4*n + 9. Let r be m(2). Let s = w + r. What is the tens digit of s?
1
Suppose 3*p = 2*s - 1998 + 6513, p - 1500 = -s. What is the hundreds digit of p?
5
Let b(w) = w**3 - 7*w**2 + 3*w - 9. Let y be b(7). Suppose 8 = -y*u + 8*u. What is the tens digit of u + (17 - 1 - -4)?
1
Suppose 3 = 4*a - 5*a. Let k be 37/(a/1 + 4). Let i = k - 18. What is the tens digit of i?
1
Let q = -16 - -21. Suppose 1 = n, n + 3*n + 51 = q*j. Let w = j + 35. What is the tens digit of w?
4
What is the hundreds digit of (-1)/(-3)*(-1)/(1/(-1233))?
4
What is the hundreds digit of 1 + 4 + (436 - 28)?
4
Suppose -8*o = -14*o. Suppose 5*h + 4*d + 3 = 0, 0*h - 3*h + d + 5 = 0. What is the units digit of h + 3 + (-2 - o)?
2
Let v be (6/(-8))/((-4)/(-32)). Let d be (v - -5)*(-5 - 0). Suppose -d*l = o - 155, 4*l = -4*o + 146 - 38. What is the units digit of l?
2
Let s be (0/1)/2 - -14. Let z(q) = q**3 - 8*q**2 - 11*q + 93. Let h be z(8). Suppose -h*m + s = -6. What is the units digit of m?
4
Let c be (-9)/(-36) - (-1)/(-4). Suppose 5*s + 10 = c, -6 = r - s + 4*s. Let w(p) = 2*p + 5. What is the units digit of w(r)?
5
Let q = 226 - 156. Suppose 6*k - 344 - q = 0. What is the tens digit of k?
6
What is the units digit of ((-3)/((-6)/4))/(42/84)?
4
Let d(w) = w**3 - 9*w**2 - w + 13. Let s be d(9). Suppose -2*u - 4 = -s*u. Suppose -3*y + u*b = -126, 4*y - 141 - 41 = -2*b. What is the units digit of y?
4
What is the hundreds digit of (-4 - (-36)/8)*-340*-3?
5
Let h = -44 + 99. Suppose 3*w + h = 379. Suppose v = -v + w. What is the tens digit of v?
5
Let g(f) = -2*f - 2. Let k be g(-5). Suppose 0 = k*h - 3*h - 20. Suppose -4 = -h*a + 16. What is the units digit of a?
5
Let c(l) = 8*l**2 + 8*l - 1. Let t be c(-6). Let d = t + -40. What is the hundreds digit of d?
1
Let w = 11683 + -6463. What is the thousands digit of w?
5
Let s(h) = -h**3 - h**2 - 2*h + 1785. What is the hundreds digit of s(0)?
7
Suppose -2*t = -t + 17. Let w = t + 30. Suppose -3*v - 2*d - 1 + 0 = 0, v - w = 2*d. What is the units digit of v?
3
Suppose 2*v - 3*p - 275 = v, -4*v + 3*p + 1055 = 0. What is the hundreds digit of v?
2
Let j = 15 - 13. Suppose 4*g + j*u + 2*u - 20 = 0, 0 = -5*g + 3*u + 9. Suppose -g*b + 20 = -b. What is the tens digit of b?
1
Suppose 17186 + 11677 = 27*h. What is the tens digit of h?
6
Suppose 4*w - s = 2*s + 47, 4*s + 37 = 3*w. Suppose 0 = 12*u - w*u - 1. What is the units digit of 0/1 + 0 + u?
1
Let g be (-3 - -1 - -1)*-11. Let c(i) = 4 + 8 - g*i + 8*i. What is the units digit of c(-6)?
0
Suppose -35 = -3*d - 2*d. Suppose -d*z = -2*z - 15. Suppose z*j + 4*v = 71, -4*j + 74 = -7*v + 2*v. What is the units digit of j?
1
Let q = 18 - 22. Let u be q/(-14) - 666/126. Let j(l) = -4*l + 3. What is the tens digit of j(u)?
2
Suppose -81 = 3*a - 2*x, -3*a - 5*x - 81 = -4*x. What is the units digit of a/12*32*(-2 + 1)?
2
What is the thousands digit of (-15)/5 + (-16884)/(-7)?
2
Suppose -189*b = -126*b - 106974. What is the hundreds digit of b?
6
Let a(b) = 46*b**2 - 5*b + 3. Let f be a(2). Let k = 345 - f. What is the hundreds digit of k?
1
Let i(r) = 147*r**2 - 2*r - 1. Let v be 4/(-4)*(-4 - (-3 - 2)). What is the tens digit of i(v)?
4
Let r = -1238 + 4230. What is the tens digit of r?
9
Let i be 0 + 376 + (-1 - -3) - 1. Suppose -i = 2*v - 15*v. What is the tens digit of v?
2
Let h(j) = -8*j + 4. Let w = -12 - -7. What is the units digit of h(w)?
4
Let v = 5105 - 2025. What is the thousands digit of v?
3
Let x = 230 - -1838. What is the hundreds digit of x?
0
Suppose -5*f + 5057 = 3*b, 4*f - 334 + 3742 = 2*b. What is the units digit of b?
4
Let f(m) = 11*m + 2. Let h(g) = g**3 - 3*g**2 - 3*g + 1. Let b be h(4). Suppose b*v = 4*i + 9, -5*v + 3 + 34 = 3*i. What is the units digit of f(i)?
6
What is the units digit of (-20925)/(-100)*((-10)/(-6) - -1)?
8
Suppose 30*s = -671 + 3671. What is the hundreds digit of s?
1
Let d = 5 + 1. Let l be 20/d*(-30)/(-20). Suppose -l*y - 5*w = -56 - 194, -2*w = 10. What is the tens digit of y?
5
Let z = -18 - -2. Let k = 21 + z. Suppose 3*d - x + k = 4*x, 0 = -3*x + 12. What is the units digit of d?
5
Let u(v) = -v**2 + 21*v + 49. Let r be u(23). Suppose 0 = 5*p - 5, g = -0*g - r*p + 217. What is the units digit of g?
4
Let u(a) = -44*a + 123. What is the units digit of u(-6)?
7
Let b be 100 - ((-4 - -2) + -2). Suppose 2*n = 5*v + n - 650, -b = -v - 5*n. What is the units digit of v?
9
Let t(j) = 134*j**2 + 13*j + 40. What is the units digit of t(-4)?
2
Suppose -32 + 13 = 2*r + 5*k, 5*r + 19 = -3*k. What is the units digit of (63/3 - -1)/((-1)/r)?
4
What is the tens digit of (-270175)/(-321) - (-1)/3?
4
Let r = -633 + 1164. What is the units digit of r?
1
Let j = 869 + -223. What is the tens digit of j?
4
Let w be ((-2)/(-4))/((-3)/210). Let b be w/(-11) - (-8)/(-44). Suppose 2 = 2*s, -5*c + 3*s = -b*c - 35. What is the tens digit of c?
1
Let w(b) = 80*b**2 - 3. Let c be w(-2). Suppose 0 = 2*g + 4*f - 124, 5*f + 84 - c = -4*g. What is the units digit of g?
2
Let x(n) = -199*n**3 - 3*n**2 + 3*n + 6. What is the units digit of x(-2)?
0
Suppose -5*h + 9 = -2*x + 5*x, h = 4*x + 11. Let u(m) = m + 8. Let o be u(-6). Suppose 3*f = 4*y - 56, f = -h*y - o*f + 63. What is the units digit of y?
7
Let g = 95 - 55. Suppose c - 5 = g. What is the units digit of c?
5
Let n = -380 + 251. Let w = -77 - n. What is the units digit of w?
2
Let i(c) = c**2 + 2*c + 2. Let q be i(-2). Suppose -2*p + 2 = -q*t, 4*p - 11 = -4*t + 17. What is the units digit of p?
4
Let a = 3703 + -5539. What is the hundreds digit of (a/(-16))/((-9)/(-24))?
3
Suppose 79*n = 74*n + 25. Let j = -5 - -14. Suppose k = n + j. What is the units digit of k?
4
Let m(r) = 2*r**2 - 89*r + 66. What is the hundreds digit of m(53)?
9
Suppose -5*x = -x + 3*a - 9, 0 = -2*x + 5*a + 37. Let f = 106 + -88. Suppose x + f = v. What is the units digit of v?
4
Let q(n) = -10*n**3 +